{"id":19,"date":"2018-12-27T10:50:13","date_gmt":"2018-12-27T10:50:13","guid":{"rendered":"https:\/\/jupiterx.artbees.net\/autonoe\/?page_id=19"},"modified":"2021-06-06T13:47:03","modified_gmt":"2021-06-06T11:47:03","slug":"home","status":"publish","type":"page","link":"https:\/\/info.ogv.at\/","title":{"rendered":"Home"},"content":{"rendered":"\t\t<div data-elementor-type=\"wp-post\" data-elementor-id=\"19\" class=\"elementor elementor-19\">\n\t\t\t\t\t\t<section class=\"elementor-section elementor-top-section elementor-element elementor-element-40eae49 elementor-reverse-mobile elementor-section-boxed elementor-section-height-default elementor-section-height-default\" data-id=\"40eae49\" data-element_type=\"section\">\n\t\t\t\t\t\t<div class=\"elementor-container elementor-column-gap-default\">\n\t\t\t\t\t<div class=\"elementor-column elementor-col-50 elementor-top-column elementor-element elementor-element-9875a9c\" data-id=\"9875a9c\" data-element_type=\"column\">\n\t\t\t<div class=\"elementor-widget-wrap elementor-element-populated\">\n\t\t\t\t\t\t<div class=\"elementor-element elementor-element-41bed33 elementor-widget elementor-widget-spacer\" data-id=\"41bed33\" data-element_type=\"widget\" data-widget_type=\"spacer.default\">\n\t\t\t\t<div class=\"elementor-widget-container\">\n\t\t\t\t\t<div class=\"elementor-spacer\">\n\t\t\t<div class=\"elementor-spacer-inner\"><\/div>\n\t\t<\/div>\n\t\t\t\t<\/div>\n\t\t\t\t<\/div>\n\t\t\t\t<div class=\"elementor-element elementor-element-65fea17 animated-fast elementor-invisible elementor-widget elementor-widget-heading\" data-id=\"65fea17\" data-element_type=\"widget\" data-settings=\"{&quot;_animation&quot;:&quot;fadeInLeft&quot;}\" data-widget_type=\"heading.default\">\n\t\t\t\t<div class=\"elementor-widget-container\">\n\t\t\t<h1 class=\"elementor-heading-title elementor-size-default\">\/ OGV Website - 25.05.2021<\/h1>\t\t<\/div>\n\t\t\t\t<\/div>\n\t\t\t\t<div class=\"elementor-element elementor-element-266289b elementor-widget elementor-widget-text-editor\" data-id=\"266289b\" data-element_type=\"widget\" data-widget_type=\"text-editor.default\">\n\t\t\t\t<div class=\"elementor-widget-container\">\n\t\t\t\t\t\t\t<p>Liebe OGV Familie,<\/p><p>Viele Vereine sind bereits aktiv damit besch\u00e4ftigt, bei verschiedenen Vereinen gibt es noch etwas \u201eRespektabstand\u201c. Seit mittlerweile fast vier Monaten ist unsere neue OGV Website <a href=\"http:\/\/www.ogv.at\" target=\"_blank\" rel=\"noopener\">www.ogv.at<\/a> online. Wie bei solchen gro\u00dfen Projekten \u00fcblich, soll eine neue Homepage nicht statisch wirken, sondern sich laufend entwickeln. Die Homepage lebt auf der einen Seite von den vielen Infos der Vereine, soll auf der anderen Seite aber auch m\u00f6glichst einfach zu bedienen sein. In den vergangenen Wochen gab es deshalb auch von euch bereits viele Anregungen und Verbesserungsvorschl\u00e4ge. Zum allergr\u00f6\u00dften Teil wurden diese im Rahmen der M\u00f6glichkeiten umgesetzt. Ein herzliches Dankesch\u00f6n an dieser Stelle f\u00fcr eure konstruktiven Anliegen und auch an unseren ehrenamtlichen Webmaster Mac Lor\u00fcnser.<\/p><p>Gerne m\u00f6chten wir deshalb die zweite Runde f\u00fcr eine noch effizientere OGV Homepage einl\u00e4uten. Euer Feedback zur OGV Website ist nochmals gefragt. Uns ist klar, dass die neue Homepage auch aktuell immer noch die eine oder andere \u201eKinderkrankheit\u201c aufweist. Nur mit eurer Hilfe k\u00f6nnen wir diese Punkte aber direkt aus dem Weg r\u00e4umen. In diesem Zusammenhang w\u00fcrden wir gerne auch wieder die eine oder andere Onlineschulung anbieten.<\/p><ul><li>Wo seht ihr noch weitere Verbesserungsm\u00f6glichkeiten?<\/li><li>Gibt es Kritikpunkte?<\/li><li>Was w\u00fcrdet ihr euch grunds\u00e4tzlich an Neuerungen w\u00fcnschen?<\/li><\/ul><p>Positives Feedback ist nat\u00fcrlich auch immer willkommen.<\/p><p>Wir werden auf jeden einzelnen Punkt von euch gerne eingehen und uns bem\u00fchen, die Webseite f\u00fcr Benutzer und Anwender m\u00f6glichst noch komfortabler zu gestalten.<br \/>Unser Tipp: Einige Fragen werden im Online Handbuch behandelt, das hier zu finden ist: <a href=\"https:\/\/www.ogv.at\/handbuch\/\" target=\"_blank\" rel=\"noopener\">https:\/\/www.ogv.at\/handbuch\/<\/a><\/p>\t\t\t\t\t\t<\/div>\n\t\t\t\t<\/div>\n\t\t\t\t\t<\/div>\n\t\t<\/div>\n\t\t\t\t<div class=\"elementor-column elementor-col-50 elementor-top-column elementor-element elementor-element-c49b37a\" data-id=\"c49b37a\" data-element_type=\"column\">\n\t\t\t<div class=\"elementor-widget-wrap elementor-element-populated\">\n\t\t\t\t\t\t<div class=\"elementor-element elementor-element-2ce9380 elementor-widget elementor-widget-spacer\" data-id=\"2ce9380\" data-element_type=\"widget\" data-widget_type=\"spacer.default\">\n\t\t\t\t<div class=\"elementor-widget-container\">\n\t\t\t\t\t<div class=\"elementor-spacer\">\n\t\t\t<div class=\"elementor-spacer-inner\"><\/div>\n\t\t<\/div>\n\t\t\t\t<\/div>\n\t\t\t\t<\/div>\n\t\t\t\t<div class=\"elementor-element elementor-element-e77cbc0 elementor-widget elementor-widget-raven-image\" data-id=\"e77cbc0\" data-element_type=\"widget\" data-widget_type=\"raven-image.default\">\n\t\t\t\t<div class=\"elementor-widget-container\">\n\t\t\t\t\t<div class=\"raven-image\">\n\t\t\n\t\t\n\t\t<img fetchpriority=\"high\" decoding=\"async\" width=\"1820\" height=\"862\" src=\"https:\/\/info.ogv.at\/wp-content\/uploads\/2021\/05\/Startseite_01.png\" class=\"attachment-full size-full wp-image-111\" alt=\"\" srcset=\"https:\/\/info.ogv.at\/wp-content\/uploads\/2021\/05\/Startseite_01.png 1820w, https:\/\/info.ogv.at\/wp-content\/uploads\/2021\/05\/Startseite_01-300x142.png 300w, https:\/\/info.ogv.at\/wp-content\/uploads\/2021\/05\/Startseite_01-1024x485.png 1024w, https:\/\/info.ogv.at\/wp-content\/uploads\/2021\/05\/Startseite_01-768x364.png 768w, https:\/\/info.ogv.at\/wp-content\/uploads\/2021\/05\/Startseite_01-1536x727.png 1536w\" sizes=\"(max-width: 1820px) 100vw, 1820px\" \/>\t\t<\/div>\n\t\t\t\t<\/div>\n\t\t\t\t<\/div>\n\t\t\t\t<div class=\"elementor-element elementor-element-412e48f elementor-widget elementor-widget-spacer\" data-id=\"412e48f\" data-element_type=\"widget\" data-widget_type=\"spacer.default\">\n\t\t\t\t<div class=\"elementor-widget-container\">\n\t\t\t\t\t<div class=\"elementor-spacer\">\n\t\t\t<div class=\"elementor-spacer-inner\"><\/div>\n\t\t<\/div>\n\t\t\t\t<\/div>\n\t\t\t\t<\/div>\n\t\t\t\t<div class=\"elementor-element elementor-element-49c76c1 elementor-widget elementor-widget-text-editor\" data-id=\"49c76c1\" data-element_type=\"widget\" data-widget_type=\"text-editor.default\">\n\t\t\t\t<div class=\"elementor-widget-container\">\n\t\t\t\t\t\t\t<h5>Untenstehend werden die erhaltenen R\u00fcckmeldungen aufgelistet und kommentiert\/beantwortet.<\/h5>\t\t\t\t\t\t<\/div>\n\t\t\t\t<\/div>\n\t\t\t\t<div class=\"elementor-element elementor-element-2c6d9b5 elementor-widget elementor-widget-image\" data-id=\"2c6d9b5\" data-element_type=\"widget\" data-widget_type=\"image.default\">\n\t\t\t\t<div class=\"elementor-widget-container\">\n\t\t\t\t\t\t\t\t\t\t\t\t\t\t<a href=\"#feedback_1\">\n\t\t\t\t\t\t\t<img decoding=\"async\" width=\"150\" height=\"150\" src=\"https:\/\/info.ogv.at\/wp-content\/uploads\/2021\/05\/lk58o4bh-150x150.jpg\" class=\"attachment-thumbnail size-thumbnail wp-image-130\" alt=\"\" srcset=\"https:\/\/info.ogv.at\/wp-content\/uploads\/2021\/05\/lk58o4bh-150x150.jpg 150w, https:\/\/info.ogv.at\/wp-content\/uploads\/2021\/05\/lk58o4bh-300x300.jpg 300w, https:\/\/info.ogv.at\/wp-content\/uploads\/2021\/05\/lk58o4bh.bmp 474w\" sizes=\"(max-width: 150px) 100vw, 150px\" \/>\t\t\t\t\t\t\t\t<\/a>\n\t\t\t\t\t\t\t\t\t\t\t\t\t<\/div>\n\t\t\t\t<\/div>\n\t\t\t\t\t<\/div>\n\t\t<\/div>\n\t\t\t\t\t<\/div>\n\t\t<\/section>\n\t\t\t\t<section class=\"elementor-section elementor-top-section elementor-element elementor-element-f933b6a elementor-section-boxed elementor-section-height-default elementor-section-height-default\" data-id=\"f933b6a\" data-element_type=\"section\">\n\t\t\t\t\t\t<div class=\"elementor-container elementor-column-gap-default\">\n\t\t\t\t\t<div class=\"elementor-column elementor-col-100 elementor-top-column elementor-element elementor-element-29ac0f0\" data-id=\"29ac0f0\" data-element_type=\"column\">\n\t\t\t<div class=\"elementor-widget-wrap elementor-element-populated\">\n\t\t\t\t\t\t<div class=\"elementor-element elementor-element-bf59335 elementor-widget elementor-widget-menu-anchor\" data-id=\"bf59335\" data-element_type=\"widget\" data-widget_type=\"menu-anchor.default\">\n\t\t\t\t<div class=\"elementor-widget-container\">\n\t\t\t\t\t<div class=\"elementor-menu-anchor\" id=\"feedback_1\"><\/div>\n\t\t\t\t<\/div>\n\t\t\t\t<\/div>\n\t\t\t\t<div class=\"elementor-element elementor-element-601e2d7 elementor-widget elementor-widget-spacer\" data-id=\"601e2d7\" data-element_type=\"widget\" data-widget_type=\"spacer.default\">\n\t\t\t\t<div class=\"elementor-widget-container\">\n\t\t\t\t\t<div class=\"elementor-spacer\">\n\t\t\t<div class=\"elementor-spacer-inner\"><\/div>\n\t\t<\/div>\n\t\t\t\t<\/div>\n\t\t\t\t<\/div>\n\t\t\t\t<div class=\"elementor-element elementor-element-f01113f animated-fast elementor-invisible elementor-widget elementor-widget-heading\" data-id=\"f01113f\" data-element_type=\"widget\" data-settings=\"{&quot;_animation&quot;:&quot;fadeInLeft&quot;}\" data-widget_type=\"heading.default\">\n\t\t\t\t<div class=\"elementor-widget-container\">\n\t\t\t<h2 class=\"elementor-heading-title elementor-size-default\">\/ R\u00fcckmeldung 1<\/h2>\t\t<\/div>\n\t\t\t\t<\/div>\n\t\t\t\t<div class=\"elementor-element elementor-element-7de3bb4 elementor-widget elementor-widget-text-editor\" data-id=\"7de3bb4\" data-element_type=\"widget\" data-widget_type=\"text-editor.default\">\n\t\t\t\t<div class=\"elementor-widget-container\">\n\t\t\t\t\t\t\t<p>Aufgefallen ist mir die ungew\u00f6hnliche Navigation der Seite. Bei den \u00fcblichen Homepages gibt es ein Hauptmen\u00fc unter dem Header, \u00fcber das man die einzelnen Punkte aufrufen kann.<\/p><p>Bei uns muss man sich immer weiter nach unten scrollen und kann dann die einzelnen Punkte aufmachen. Sch\u00f6n w\u00e4re es, wenn man es \u00fcber ein Icon Men\u00fc wie es \u00fcblich ist oben links \u00f6ffnen k\u00f6nnte.\u00a0 Scrollen ist recht unangenehm, gerade wenn man die Homepage \u00fcber ein Handy \u00f6ffnet, dann ist dies ja endlos.<\/p>\t\t\t\t\t\t<\/div>\n\t\t\t\t<\/div>\n\t\t\t\t<div class=\"elementor-element elementor-element-c9e2425 elementor-widget elementor-widget-text-editor\" data-id=\"c9e2425\" data-element_type=\"widget\" data-widget_type=\"text-editor.default\">\n\t\t\t\t<div class=\"elementor-widget-container\">\n\t\t\t\t\t\t\t<ul><li>Die Navigation ist einer der schwierigsten Punkte bei einer umfangreichen Website. Da wir alle Informationen auf der OGV Website in 3 Kategorien zusammengefasst haben (Vereine, Termine und Berichte) bildet die Navigation genau das ab &#8211; wobei sich die Navigation automatisch erweitert, sobald ein bestimmter Ortsverein ausgew\u00e4hlt wurde, damit man direkt auf die Termine und Berichte des gew\u00e4hlten Ortsvereines zugreifen kann.<p>\u00dcber das Men\u00fc oben kann man somit direkt die Termine und Berichte \u00f6ffnen, auch auf dem Handy. Dass man beim Vorhandensein vieler Berichte nach unten scrollen muss wird sich wohl nicht \u00e4ndern lassen,\u00a0 aber f\u00fcr konkrete Vorschl\u00e4ge wie das anders gestaltet werden kann sind wir nat\u00fcrlich offen.<\/p><\/li><\/ul>\t\t\t\t\t\t<\/div>\n\t\t\t\t<\/div>\n\t\t\t\t<div class=\"elementor-element elementor-element-f364f7e elementor-widget elementor-widget-text-editor\" data-id=\"f364f7e\" data-element_type=\"widget\" data-widget_type=\"text-editor.default\">\n\t\t\t\t<div class=\"elementor-widget-container\">\n\t\t\t\t\t\t\t<p>Im Impressum wird der LV angef\u00fchrt inkl. f\u00fcr den Inhalt verantwortlich &#8211; das d\u00fcrfte nicht ganz korrekt sein. Inhalt ist ja doch jeder Verein verantwortlich.<br \/>Beim Footer w\u00e4re es von Vorteil, wenn man Impressum\u00a0 und Datenschutz trennt und ev. nochmal den Kontakt des jeweiligen Vereines einbaut.<\/p>\t\t\t\t\t\t<\/div>\n\t\t\t\t<\/div>\n\t\t\t\t<div class=\"elementor-element elementor-element-9c94a16 elementor-widget elementor-widget-text-editor\" data-id=\"9c94a16\" data-element_type=\"widget\" data-widget_type=\"text-editor.default\">\n\t\t\t\t<div class=\"elementor-widget-container\">\n\t\t\t\t\t\t\t<ul><li>Danke f\u00fcr den Hinweis, wir werden uns diesbez\u00fcglich eine Verbesserung \u00fcberlegen, die technisch umgesetzt werden kann.<\/li><\/ul>\t\t\t\t\t\t<\/div>\n\t\t\t\t<\/div>\n\t\t\t\t\t<\/div>\n\t\t<\/div>\n\t\t\t\t\t<\/div>\n\t\t<\/section>\n\t\t\t\t<section class=\"elementor-section elementor-top-section elementor-element elementor-element-0654237 elementor-section-boxed elementor-section-height-default elementor-section-height-default\" data-id=\"0654237\" data-element_type=\"section\">\n\t\t\t\t\t\t<div class=\"elementor-container elementor-column-gap-default\">\n\t\t\t\t\t<div class=\"elementor-column elementor-col-100 elementor-top-column elementor-element elementor-element-45b91d7\" data-id=\"45b91d7\" data-element_type=\"column\">\n\t\t\t<div class=\"elementor-widget-wrap elementor-element-populated\">\n\t\t\t\t\t\t<div class=\"elementor-element elementor-element-10a046a elementor-widget elementor-widget-menu-anchor\" data-id=\"10a046a\" data-element_type=\"widget\" data-widget_type=\"menu-anchor.default\">\n\t\t\t\t<div class=\"elementor-widget-container\">\n\t\t\t\t\t<div class=\"elementor-menu-anchor\" id=\"feedback_2\"><\/div>\n\t\t\t\t<\/div>\n\t\t\t\t<\/div>\n\t\t\t\t<div class=\"elementor-element elementor-element-89744f1 animated-fast elementor-invisible elementor-widget elementor-widget-heading\" data-id=\"89744f1\" data-element_type=\"widget\" data-settings=\"{&quot;_animation&quot;:&quot;fadeInLeft&quot;}\" data-widget_type=\"heading.default\">\n\t\t\t\t<div class=\"elementor-widget-container\">\n\t\t\t<h2 class=\"elementor-heading-title elementor-size-default\">\/ R\u00fcckmeldung 2<\/h2>\t\t<\/div>\n\t\t\t\t<\/div>\n\t\t\t\t<div class=\"elementor-element elementor-element-44ef21b elementor-widget elementor-widget-text-editor\" data-id=\"44ef21b\" data-element_type=\"widget\" data-widget_type=\"text-editor.default\">\n\t\t\t\t<div class=\"elementor-widget-container\">\n\t\t\t\t\t\t\t<p>Ich finde das Portal sehr gut und \u00fcbersichtlich! Tolle Arbeit, vor allem viel Arbeit! Vielen Dank!<\/p><p>Man sieht endlich, wie viele Vereine es in Vorarlberg \u00a0gibt und man bekommt \u00a0Informationen \u00fcber diverse \u00a0Aktivit\u00e4ten , Ideen ,\u2026<\/p><p>Ich w\u00fcrde gerne auch ganz kurze Berichte oder Termine, Adresse des Obmanns, etc.\u00a0 ver\u00f6ffentlichen. Wie muss ich vorgehen ? Ich habe gesehen, dass es ein Handbuch gibt, wie man das macht, aber ich bin Computertechnisch eine echte Niete\u2026 Brauche ich einen Zugangscode um das zu machen, oder wie funktioniert das?<\/p>\t\t\t\t\t\t<\/div>\n\t\t\t\t<\/div>\n\t\t\t\t<div class=\"elementor-element elementor-element-81e95a9 elementor-widget elementor-widget-text-editor\" data-id=\"81e95a9\" data-element_type=\"widget\" data-widget_type=\"text-editor.default\">\n\t\t\t\t<div class=\"elementor-widget-container\">\n\t\t\t\t\t\t\t<ul><li><p>Das Online Handbuch findest du hier: <a href=\"https:\/\/www.ogv.at\/handbuch\/\">https:\/\/www.ogv.at\/handbuch\/<\/a><br \/>Darin sind alle wichtigen Punkte zur Bearbeitung der Website schrittweise und mit vielen Screenshots erkl\u00e4rt.<br \/>Ich m\u00f6chte dich bitten, dir die Kapitel anzusehen und am besten gleich ein paar Dinge auszuprobieren \u2013 einen Temin eintragen, Vorstandsmitglieder Infos \u00e4ndern, \u2026<br \/>Grunds\u00e4tzlich ist die Bearbeitung der Webseiteninformationen nicht kompliziert, das funktioniert wie ein Formular, das man nach und nach ausf\u00fcllt \u2013 man muss nur wissen, welche Formularfelder es gibt und wo sie sind. Das zeigt dir das Handbuch.<br \/>Und du kannst nicht wirklich etwas falsch machen, alles kann ge\u00e4ndert, korrigiert oder gel\u00f6scht werden. Also am Besten keine Angst davor haben und einfach ausprobieren.<br \/>Und falls es Fragen gibt, dann kannst du dich gerne an mich wenden.<br \/><br \/>Voraussichtlich werden wir nochmals eine Online Schulung zur Website anbieten (wir hatten schon 4 Schulungstermine, \u00fcber die alle Ortsvereine informiert wurden), dazu kommt dann zeitgerecht eine Ank\u00fcndigung per Mail.<\/p><\/li><\/ul>\t\t\t\t\t\t<\/div>\n\t\t\t\t<\/div>\n\t\t\t\t\t<\/div>\n\t\t<\/div>\n\t\t\t\t\t<\/div>\n\t\t<\/section>\n\t\t\t\t<section class=\"elementor-section elementor-top-section elementor-element elementor-element-f2820be elementor-section-boxed elementor-section-height-default elementor-section-height-default\" data-id=\"f2820be\" data-element_type=\"section\">\n\t\t\t\t\t\t<div class=\"elementor-container elementor-column-gap-default\">\n\t\t\t\t\t<div class=\"elementor-column elementor-col-100 elementor-top-column elementor-element elementor-element-89617d4\" data-id=\"89617d4\" data-element_type=\"column\">\n\t\t\t<div class=\"elementor-widget-wrap elementor-element-populated\">\n\t\t\t\t\t\t<div class=\"elementor-element elementor-element-18e894c elementor-widget elementor-widget-menu-anchor\" data-id=\"18e894c\" data-element_type=\"widget\" data-widget_type=\"menu-anchor.default\">\n\t\t\t\t<div class=\"elementor-widget-container\">\n\t\t\t\t\t<div class=\"elementor-menu-anchor\" id=\"feedback_3\"><\/div>\n\t\t\t\t<\/div>\n\t\t\t\t<\/div>\n\t\t\t\t<div class=\"elementor-element elementor-element-42631bd animated-fast elementor-invisible elementor-widget elementor-widget-heading\" data-id=\"42631bd\" data-element_type=\"widget\" data-settings=\"{&quot;_animation&quot;:&quot;fadeInLeft&quot;}\" data-widget_type=\"heading.default\">\n\t\t\t\t<div class=\"elementor-widget-container\">\n\t\t\t<h2 class=\"elementor-heading-title elementor-size-default\">\/ R\u00fcckmeldung 3<\/h2>\t\t<\/div>\n\t\t\t\t<\/div>\n\t\t\t\t<div class=\"elementor-element elementor-element-324e858 elementor-widget elementor-widget-text-editor\" data-id=\"324e858\" data-element_type=\"widget\" data-widget_type=\"text-editor.default\">\n\t\t\t\t<div class=\"elementor-widget-container\">\n\t\t\t\t\t\t\t<p>eine sehr sch\u00f6ne, neue Webseite.\u00a0Aus meiner Sicht sehr gut umgesetzt.<\/p><p><strong>Verbesserungsvorschlag:<br \/><\/strong>einen Zur\u00fcck Button wenn man bei einem Verein in die Rubrik Termine oder Berichte geht.\u00a0<br \/>Vielleicht gibt es da ja, aber ich musste jedes Mal umst\u00e4ndlich den Ortsverein wieder ausw\u00e4hlen&#8230;<\/p>\t\t\t\t\t\t<\/div>\n\t\t\t\t<\/div>\n\t\t\t\t<div class=\"elementor-element elementor-element-f76f190 elementor-widget elementor-widget-text-editor\" data-id=\"f76f190\" data-element_type=\"widget\" data-widget_type=\"text-editor.default\">\n\t\t\t\t<div class=\"elementor-widget-container\">\n\t\t\t\t\t\t\t<ul><li><p>Sobald ein Ortsverein ausgew\u00e4hlt wurde, k\u00f6nnen die Berichte und Termine dieses Ortsvereins in der Navigation direkt ausgew\u00e4hlt werden (siehe <a href=\"https:\/\/www.ogv.at\/handbuch\/einleitung\" target=\"_blank\" rel=\"noopener\">Online Handbuch<\/a>).<\/p><\/li><\/ul>\t\t\t\t\t\t<\/div>\n\t\t\t\t<\/div>\n\t\t\t\t\t<\/div>\n\t\t<\/div>\n\t\t\t\t\t<\/div>\n\t\t<\/section>\n\t\t\t\t<\/div>\n\t\t","protected":false},"excerpt":{"rendered":"<p>\/ OGV Website &#8211; 25.05.2021 Liebe OGV Familie, Viele Vereine sind bereits aktiv damit besch\u00e4ftigt, bei verschiedenen Vereinen gibt es noch etwas \u201eRespektabstand\u201c. Seit mittlerweile fast vier Monaten ist unsere neue OGV Website www.ogv.at online. Wie bei solchen gro\u00dfen Projekten \u00fcblich, soll eine neue Homepage nicht statisch wirken, sondern sich laufend entwickeln. Die Homepage lebt [&hellip;]<\/p>\n","protected":false},"author":1,"featured_media":0,"parent":0,"menu_order":0,"comment_status":"closed","ping_status":"closed","template":"full-width.php","meta":{"_acf_changed":false,"footnotes":""},"class_list":["post-19","page","type-page","status-publish","hentry"],"acf":[],"_links":{"self":[{"href":"https:\/\/info.ogv.at\/index.php?rest_route=\/wp\/v2\/pages\/19","targetHints":{"allow":["GET"]}}],"collection":[{"href":"https:\/\/info.ogv.at\/index.php?rest_route=\/wp\/v2\/pages"}],"about":[{"href":"https:\/\/info.ogv.at\/index.php?rest_route=\/wp\/v2\/types\/page"}],"author":[{"embeddable":true,"href":"https:\/\/info.ogv.at\/index.php?rest_route=\/wp\/v2\/users\/1"}],"replies":[{"embeddable":true,"href":"https:\/\/info.ogv.at\/index.php?rest_route=%2Fwp%2Fv2%2Fcomments&post=19"}],"version-history":[{"count":10,"href":"https:\/\/info.ogv.at\/index.php?rest_route=\/wp\/v2\/pages\/19\/revisions"}],"predecessor-version":[{"id":205,"href":"https:\/\/info.ogv.at\/index.php?rest_route=\/wp\/v2\/pages\/19\/revisions\/205"}],"wp:attachment":[{"href":"https:\/\/info.ogv.at\/index.php?rest_route=%2Fwp%2Fv2%2Fmedia&parent=19"}],"curies":[{"name":"wp","href":"https:\/\/api.w.org\/{rel}","templated":true}]}}